{"id":8,"date":"2024-08-29T07:48:44","date_gmt":"2024-08-29T07:48:44","guid":{"rendered":"http:\/\/aat.ase.ro\/?page_id=8"},"modified":"2025-01-20T00:10:51","modified_gmt":"2025-01-20T00:10:51","slug":"home","status":"publish","type":"page","link":"https:\/\/aat.ase.ro\/","title":{"rendered":"Acasa"},"content":{"rendered":"<div id=\"pl-8\"  class=\"panel-layout\" ><div id=\"pg-8-0\"  class=\"panel-grid panel-no-style\" ><div id=\"pgc-8-0-0\"  class=\"panel-grid-cell\" ><div id=\"panel-8-0-0-0\" class=\"so-panel widget widget_sow-editor panel-first-child\" data-index=\"0\" ><div\n\t\t\t\n\t\t\tclass=\"so-widget-sow-editor so-widget-sow-editor-base\"\n\t\t\t\n\t\t>\n<div class=\"siteorigin-widget-tinymce textwidget\">\n\t<blockquote>\n<p><strong>Programul de masterat<\/strong><\/p>\n<p><strong>Administrarea Afacerilor in Turism<\/strong><\/p>\n<p>Formarea speciali\u015ftilor cu \u00eenalt\u0103 preg\u0103tire \u00een domeniul managementului turismului capabili s\u0103 ia decizii \u015fi s\u0103 stabileasc\u0103 strategii pentru dezvoltarea acestei activit\u0103\u0163i, av\u00e2nd \u00een vedere:<\/p>\n<ul>\n<li>perspectivele turismului \u00een \u0163ara noastr\u0103<\/li>\n<li>existen\u0163a unui num\u0103r mare de \u00eentreprinderi mici \u015fi mijlocii de turism<\/li>\n<li>accentuarea concuren\u0163ei pe pia\u0163a turistic\u0103, rezultat al integr\u0103rii europene<\/li>\n<\/ul>\n<p>Punerea la \u00eendem\u00e2na cursan\u0163ilor de cuno\u015ftin\u0163e manageriale \u015fi de specialitate precum \u015fi a unui instrumentar de lucru necesar implic\u0103rii active \u00een proiectele de dezvoltare \u015fi promovare a turismului.<\/p>\n<p style=\"text-align: right;\"><a href=\"http:\/\/aat.ase.ro\/index.php\/despre\/\"><strong>Citeste mai mult<\/strong><\/a><\/p>\n<\/blockquote>\n<\/div>\n<\/div><\/div><div id=\"panel-8-0-0-1\" class=\"so-panel widget widget_sow-editor panel-last-child\" data-index=\"1\" ><div\n\t\t\t\n\t\t\tclass=\"so-widget-sow-editor so-widget-sow-editor-base\"\n\t\t\t\n\t\t>\n<div class=\"siteorigin-widget-tinymce textwidget\">\n\t<p style=\"text-align: center;\"><strong><span style=\"color: #000000;\">ADMITERE PROGRAME UNIVERSITARE DE MASTERAT 2025<\/span><\/strong><\/p>\n<p style=\"text-align: center;\"><strong><span style=\"color: #000000;\">SESIUNEA VAR\u0102 2025<\/span><\/strong><\/p>\n<p style=\"text-align: center;\"><strong><span class=\"style1\">\u00ceNSCRIERI<\/span>:<\/strong>\u00a017 \u2013 21 Iulie (J-L), luni \u2013 p\u00e2na la ora 16<sup>00<\/sup><\/p>\n<p style=\"text-align: center;\"><span style=\"color: #000000;\">-\u00censcrierea la concursul de admitere este realizat\u0103, exclusiv, \u00een platforma admitere.ase.ro, prin crearea unui cont personal al candidatului<\/span><\/p>\n<p style=\"text-align: center;\"><span style=\"color: #000000;\">Cifra de \u0219colarizare pentru anul universitar 2025 \u2013 2026 la programele de studii universitare de masterat \u2013 sesiunea IULIE:<\/span> <span style=\"color: #0000ff;\"><a style=\"color: #0000ff;\" href=\"http:\/\/aat.ase.ro\/wp-content\/uploads\/2025\/01\/Propunere_oferta_scolarizare_masterat_iulie_2025.pdf\" target=\"_blank\" rel=\"noopener\">Vezi aici<\/a><\/span><\/p>\n<p style=\"text-align: center;\"><span style=\"color: #000000;\">Mai multe informa\u021bii despre admitere:<\/span> <span style=\"color: #0000ff;\"><a style=\"color: #0000ff;\" href=\"https:\/\/ase.ro\/admitere\/masterat\/\">https:\/\/ase.ro\/admitere\/masterat\/\u00a0<\/a><\/span><\/p>\n<p style=\"text-align: center;\"><a style=\"color: #ff0000;\" href=\"https:\/\/aat.ase.ro\/index.php\/curricula-2024-2026\/\" target=\"_blank\" rel=\"noopener\">Vezi curricula 2024<\/a><\/p>\n<\/div>\n<\/div><\/div><\/div><\/div><div id=\"pg-8-1\"  class=\"panel-grid panel-no-style\" ><div id=\"pgc-8-1-0\"  class=\"panel-grid-cell\" ><div id=\"panel-8-1-0-0\" class=\"so-panel widget widget_sow-editor panel-first-child panel-last-child\" data-index=\"2\" ><div\n\t\t\t\n\t\t\tclass=\"so-widget-sow-editor so-widget-sow-editor-base\"\n\t\t\t\n\t\t>\n<div class=\"siteorigin-widget-tinymce textwidget\">\n\t<p style=\"text-align: center;\"><strong>Prin parteneriatul cu companiile mondiale de tehnologie Amadeus \u015fi Travelport, absolven\u0163ii vor putea ob\u0163ine urm\u0103toarele certificate:<\/strong><\/p>\n<\/div>\n<\/div><\/div><\/div><\/div><div id=\"pg-8-2\"  class=\"panel-grid panel-no-style\" ><div id=\"pgc-8-2-0\"  class=\"panel-grid-cell\" ><div id=\"panel-8-2-0-0\" class=\"so-panel widget widget_sow-image panel-first-child panel-last-child\" data-index=\"3\" ><div\n\t\t\t\n\t\t\tclass=\"so-widget-sow-image so-widget-sow-image-default-8b5b6f678277-8\"\n\t\t\t\n\t\t>\n\n<div class=\"sow-image-container\">\n\t\t<img loading=\"lazy\" decoding=\"async\" src=\"https:\/\/aat.ase.ro\/wp-content\/uploads\/2024\/07\/Certificat-Agent-Ticketing_Amadeus-e1721249271442.jpg\" width=\"480\" height=\"340\" sizes=\"auto, (max-width: 480px) 100vw, 480px\" title=\"Certificat Agent Ticketing_Amadeus\" alt=\"\" \t\tclass=\"so-widget-image\"\/>\n\t<\/div>\n\n<\/div><\/div><\/div><div id=\"pgc-8-2-1\"  class=\"panel-grid-cell\" ><div id=\"panel-8-2-1-0\" class=\"so-panel widget widget_sow-editor panel-first-child panel-last-child\" data-index=\"4\" ><div\n\t\t\t\n\t\t\tclass=\"so-widget-sow-editor so-widget-sow-editor-base\"\n\t\t\t\n\t\t>\n<div class=\"siteorigin-widget-tinymce textwidget\">\n\t<p>&nbsp;<\/p>\n<p style=\"text-align: center;\"><strong>Agent de ticketing<\/strong><\/p>\n<p style=\"text-align: center;\"><strong>Consultant \u00een turism<\/strong><\/p>\n<\/div>\n<\/div><\/div><\/div><div id=\"pgc-8-2-2\"  class=\"panel-grid-cell\" ><div id=\"panel-8-2-2-0\" class=\"so-panel widget widget_sow-image panel-first-child panel-last-child\" data-index=\"5\" ><div\n\t\t\t\n\t\t\tclass=\"so-widget-sow-image so-widget-sow-image-default-8b5b6f678277-8\"\n\t\t\t\n\t\t>\n\n<div class=\"sow-image-container\">\n\t\t<img loading=\"lazy\" decoding=\"async\" src=\"https:\/\/aat.ase.ro\/wp-content\/uploads\/2024\/07\/Certificat-Consultant-Turism_Worldspan-GDS-e1721249302192.jpg\" width=\"480\" height=\"289\" sizes=\"auto, (max-width: 480px) 100vw, 480px\" title=\"Certificat Consultant Turism_Worldspan GDS\" alt=\"\" \t\tclass=\"so-widget-image\"\/>\n\t<\/div>\n\n<\/div><\/div><\/div><\/div><div id=\"pg-8-3\"  class=\"panel-grid panel-no-style\" ><div id=\"pgc-8-3-0\"  class=\"panel-grid-cell\" ><div id=\"panel-8-3-0-0\" class=\"so-panel widget widget_sow-editor panel-first-child panel-last-child\" data-index=\"6\" ><div\n\t\t\t\n\t\t\tclass=\"so-widget-sow-editor so-widget-sow-editor-base\"\n\t\t\t\n\t\t>\n<div class=\"siteorigin-widget-tinymce textwidget\">\n\t<h3 style=\"text-align: center;\"><strong>Testimoniale<\/strong><\/h3>\n<\/div>\n<\/div><\/div><\/div><\/div><div id=\"pg-8-4\"  class=\"panel-grid panel-no-style\" ><div id=\"pgc-8-4-0\"  class=\"panel-grid-cell\" ><div id=\"panel-8-4-0-0\" class=\"so-panel widget widget_sow-image panel-first-child panel-last-child\" data-index=\"7\" ><div\n\t\t\t\n\t\t\tclass=\"so-widget-sow-image so-widget-sow-image-default-c67d20f9f743-8\"\n\t\t\t\n\t\t>\n\n<div class=\"sow-image-container\">\n\t\t<img loading=\"lazy\" decoding=\"async\" src=\"https:\/\/aat.ase.ro\/wp-content\/uploads\/2024\/07\/AAT_Testimoniale2024_2-e1721309037680.png\" width=\"480\" height=\"480\" sizes=\"auto, (max-width: 480px) 100vw, 480px\" title=\"AAT_Testimoniale2024_2\" alt=\"\" \t\tclass=\"so-widget-image\"\/>\n\t<\/div>\n\n<\/div><\/div><\/div><div id=\"pgc-8-4-1\"  class=\"panel-grid-cell\" ><div id=\"panel-8-4-1-0\" class=\"so-panel widget widget_sow-image panel-first-child panel-last-child\" data-index=\"8\" ><div\n\t\t\t\n\t\t\tclass=\"so-widget-sow-image so-widget-sow-image-default-c67d20f9f743-8\"\n\t\t\t\n\t\t>\n\n<div class=\"sow-image-container\">\n\t\t<img loading=\"lazy\" decoding=\"async\" src=\"https:\/\/aat.ase.ro\/wp-content\/uploads\/2024\/07\/AAT_Testimoniale2024_1-e1721309065114.png\" width=\"480\" height=\"480\" sizes=\"auto, (max-width: 480px) 100vw, 480px\" title=\"AAT_Testimoniale2024_1\" alt=\"\" \t\tclass=\"so-widget-image\"\/>\n\t<\/div>\n\n<\/div><\/div><\/div><\/div><div id=\"pg-8-5\"  class=\"panel-grid panel-no-style\" ><div id=\"pgc-8-5-0\"  class=\"panel-grid-cell panel-grid-cell-empty\" ><\/div><\/div><div id=\"pg-8-6\"  class=\"panel-grid panel-no-style\" ><div id=\"pgc-8-6-0\"  class=\"panel-grid-cell panel-grid-cell-empty\" ><\/div><\/div><div id=\"pg-8-7\"  class=\"panel-grid panel-no-style\" ><div id=\"pgc-8-7-0\"  class=\"panel-grid-cell\" ><div id=\"panel-8-7-0-0\" class=\"so-panel widget widget_sow-post-carousel panel-first-child panel-last-child\" data-index=\"9\" ><div\n\t\t\t\n\t\t\tclass=\"so-widget-sow-post-carousel so-widget-sow-post-carousel-base-ad93eedad001-8\"\n\t\t\t\n\t\t>\t<div\n\t\tclass=\"sow-post-carousel-wrapper sow-post-carousel-theme-base\"\n\t\tstyle=\"overflow: hidden; max-width: 100%; min-height: 182px\"\n\t>\n\t\t<div class=\"sow-carousel-title\">\n\t\t\t<div class=\"sow-carousel-navigation \">\n\t\t\t\t\t\t<a href=\"#\" class=\"sow-carousel-next\" title=\"Next\" aria-label=\"Next Posts\" role=\"button\"><\/a>\n\t\t\t\t\t\t<a href=\"#\" class=\"sow-carousel-previous\" title=\"Previous\" aria-label=\"Previous Posts\" role=\"button\"><\/a>\n\t\t\t\t\t<\/div>\n\t<\/div>\n\n<div class=\"sow-carousel-container \">\n\t\t<div class=\"sow-carousel-wrapper\"\n\t\tdata-dir=\"ltr\"\n\t\tstyle=\"opacity: 0;\"\n\t\tdata-widget=\"post\" data-fetching=\"false\" data-page=\"1\" data-ajax-url=\"https:\/\/aat.ase.ro\/wp-admin\/admin-ajax.php?_widgets_nonce=d350a1d5e8\" data-item_count=\"5\" data-carousel_settings=\"{&quot;loop&quot;:true,&quot;animation&quot;:&quot;Ease&quot;,&quot;animation_speed&quot;:400,&quot;autoplay&quot;:&quot;&quot;,&quot;pauseOnHover&quot;:&quot;&quot;,&quot;autoplaySpeed&quot;:8000,&quot;item_overflow&quot;:true,&quot;autoplay_continuous_scroll&quot;:false}\" data-responsive=\"{&quot;desktop_slides_to_scroll&quot;:1,&quot;tablet_landscape_breakpoint&quot;:1366,&quot;tablet_landscape_slides_to_scroll&quot;:2,&quot;tablet_portrait_breakpoint&quot;:1025,&quot;tablet_portrait_slides_to_scroll&quot;:2,&quot;mobile_breakpoint&quot;:480,&quot;mobile_slides_to_scroll&quot;:1}\" data-variable_width=\"true\" \t>\n\t\t<div\n\t\t\tclass=\"sow-carousel-items\"\n\t\t\t\t\t>\n\t\t\t\t<div class=\"sow-carousel-item\" tabindex=\"-1\" style=\"float: left;\">\n\t\t<div class=\"sow-carousel-thumbnail\">\n\t\t\t\t\t\t\t<a\n\t\t\t\t\thref=\"https:\/\/aat.ase.ro\/index.php\/2024\/07\/09\/admitere-2024\/\"\n\t\t\t\t\t\t\t\t\t\tstyle=\"background-image: url( https:\/\/aat.ase.ro\/wp-content\/uploads\/2020\/07\/admMaster-272x182.png )\"\n\t\t\t\t\taria-labelledby=\"sow-carousel-id-136\"\n\t\t\t\t\ttabindex=\"-1\"\n\t\t\t\t>\n\t\t\t\t\t<span class=\"overlay\"><\/span>\n\t\t\t\t<\/a>\n\t\t\t\t\t<\/div>\n\t\t<h3 class=\"sow-carousel-item-title\">\n\t\t\t<a\n\t\t\t\thref=\"https:\/\/aat.ase.ro\/index.php\/2024\/07\/09\/admitere-2024\/\"\n\t\t\t\tid=\"sow-carousel-id-136\"\n\t\t\t\t\t\t\t\ttabindex=\"-1\"\n\t\t\t>\n\n\t\t\t\tAdmitere 2024\t\t\t<\/a>\n\t\t<\/h3>\n\t<\/div>\n\t<div class=\"sow-carousel-item\" tabindex=\"-1\" style=\"float: left;\">\n\t\t<div class=\"sow-carousel-thumbnail\">\n\t\t\t\t\t\t\t<a\n\t\t\t\t\thref=\"https:\/\/aat.ase.ro\/index.php\/2019\/06\/13\/admitere-2019\/\"\n\t\t\t\t\t\t\t\t\t\tstyle=\"background-image: url( https:\/\/aat.ase.ro\/wp-content\/uploads\/2019\/06\/student_PNG169-768x535-272x182.png )\"\n\t\t\t\t\taria-labelledby=\"sow-carousel-id-126\"\n\t\t\t\t\ttabindex=\"-1\"\n\t\t\t\t>\n\t\t\t\t\t<span class=\"overlay\"><\/span>\n\t\t\t\t<\/a>\n\t\t\t\t\t<\/div>\n\t\t<h3 class=\"sow-carousel-item-title\">\n\t\t\t<a\n\t\t\t\thref=\"https:\/\/aat.ase.ro\/index.php\/2019\/06\/13\/admitere-2019\/\"\n\t\t\t\tid=\"sow-carousel-id-126\"\n\t\t\t\t\t\t\t\ttabindex=\"-1\"\n\t\t\t>\n\n\t\t\t\tAdmitere 2019\t\t\t<\/a>\n\t\t<\/h3>\n\t<\/div>\n\t<div class=\"sow-carousel-item\" tabindex=\"-1\" style=\"float: left;\">\n\t\t<div class=\"sow-carousel-thumbnail\">\n\t\t\t\t\t\t\t<a\n\t\t\t\t\thref=\"https:\/\/aat.ase.ro\/index.php\/2019\/03\/06\/sesiuni-de-instruire-destinate-studentilor-de-la-programele-de-studii-master\/\"\n\t\t\t\t\t\t\t\t\t\tstyle=\"background-image: url( https:\/\/aat.ase.ro\/wp-content\/uploads\/2019\/03\/sesiuni_instruire_2019_2-272x182.jpg )\"\n\t\t\t\t\taria-labelledby=\"sow-carousel-id-119\"\n\t\t\t\t\ttabindex=\"-1\"\n\t\t\t\t>\n\t\t\t\t\t<span class=\"overlay\"><\/span>\n\t\t\t\t<\/a>\n\t\t\t\t\t<\/div>\n\t\t<h3 class=\"sow-carousel-item-title\">\n\t\t\t<a\n\t\t\t\thref=\"https:\/\/aat.ase.ro\/index.php\/2019\/03\/06\/sesiuni-de-instruire-destinate-studentilor-de-la-programele-de-studii-master\/\"\n\t\t\t\tid=\"sow-carousel-id-119\"\n\t\t\t\t\t\t\t\ttabindex=\"-1\"\n\t\t\t>\n\n\t\t\t\tSesiuni de instruire destinate studen\u021bilor de la programele de studii Master\t\t\t<\/a>\n\t\t<\/h3>\n\t<\/div>\n\t<div class=\"sow-carousel-item\" tabindex=\"-1\" style=\"float: left;\">\n\t\t<div class=\"sow-carousel-thumbnail\">\n\t\t\t\t\t\t\t<a\n\t\t\t\t\thref=\"https:\/\/aat.ase.ro\/index.php\/2018\/07\/24\/amadeus-peste-15-ani-de-colaborare-cu-academia-de-studii-economice-ase\/\"\n\t\t\t\t\t\t\t\t\t\tstyle=\"background-image: url( https:\/\/aat.ase.ro\/wp-content\/uploads\/2018\/07\/amadeus-272x94.gif )\"\n\t\t\t\t\taria-labelledby=\"sow-carousel-id-93\"\n\t\t\t\t\ttabindex=\"-1\"\n\t\t\t\t>\n\t\t\t\t\t<span class=\"overlay\"><\/span>\n\t\t\t\t<\/a>\n\t\t\t\t\t<\/div>\n\t\t<h3 class=\"sow-carousel-item-title\">\n\t\t\t<a\n\t\t\t\thref=\"https:\/\/aat.ase.ro\/index.php\/2018\/07\/24\/amadeus-peste-15-ani-de-colaborare-cu-academia-de-studii-economice-ase\/\"\n\t\t\t\tid=\"sow-carousel-id-93\"\n\t\t\t\t\t\t\t\ttabindex=\"-1\"\n\t\t\t>\n\n\t\t\t\tAmadeus \u2013 peste 15 ani de colaborare cu Academia de Studii Economice (ASE)\t\t\t<\/a>\n\t\t<\/h3>\n\t<\/div>\n\t<div class=\"sow-carousel-item\" tabindex=\"-1\" style=\"float: left;\">\n\t\t<div class=\"sow-carousel-thumbnail\">\n\t\t\t\t\t\t\t<a\n\t\t\t\t\thref=\"https:\/\/aat.ase.ro\/index.php\/2018\/07\/24\/83\/\"\n\t\t\t\t\t\t\t\t\t\tstyle=\"background-image: url( https:\/\/aat.ase.ro\/wp-content\/uploads\/2018\/07\/msc_students-272x182.jpg )\"\n\t\t\t\t\taria-labelledby=\"sow-carousel-id-83\"\n\t\t\t\t\ttabindex=\"-1\"\n\t\t\t\t>\n\t\t\t\t\t<span class=\"overlay\"><\/span>\n\t\t\t\t<\/a>\n\t\t\t\t\t<\/div>\n\t\t<h3 class=\"sow-carousel-item-title\">\n\t\t\t<a\n\t\t\t\thref=\"https:\/\/aat.ase.ro\/index.php\/2018\/07\/24\/83\/\"\n\t\t\t\tid=\"sow-carousel-id-83\"\n\t\t\t\t\t\t\t\ttabindex=\"-1\"\n\t\t\t>\n\n\t\t\t\tAdmitere 2018\t\t\t<\/a>\n\t\t<\/h3>\n\t<\/div>\n\t\t<\/div>\n\t\t\t<\/div>\n\n\t<\/div>\n\t\t<input type=\"hidden\" name=\"instance_hash\" value=\"2e6ea497\"\/>\n\t<\/div>\n<\/div><\/div><\/div><\/div><\/div>","protected":false},"excerpt":{"rendered":"<p>Daca doresti sa te informezi despre admiterea la masterat\u00a02018 apasa\u00a0aici<\/p>\n","protected":false},"author":1,"featured_media":0,"parent":0,"menu_order":0,"comment_status":"closed","ping_status":"closed","template":"","meta":{"footnotes":""},"class_list":["post-8","page","type-page","status-publish","hentry"],"_links":{"self":[{"href":"https:\/\/aat.ase.ro\/index.php\/wp-json\/wp\/v2\/pages\/8","targetHints":{"allow":["GET"]}}],"collection":[{"href":"https:\/\/aat.ase.ro\/index.php\/wp-json\/wp\/v2\/pages"}],"about":[{"href":"https:\/\/aat.ase.ro\/index.php\/wp-json\/wp\/v2\/types\/page"}],"author":[{"embeddable":true,"href":"https:\/\/aat.ase.ro\/index.php\/wp-json\/wp\/v2\/users\/1"}],"replies":[{"embeddable":true,"href":"https:\/\/aat.ase.ro\/index.php\/wp-json\/wp\/v2\/comments?post=8"}],"version-history":[{"count":27,"href":"https:\/\/aat.ase.ro\/index.php\/wp-json\/wp\/v2\/pages\/8\/revisions"}],"predecessor-version":[{"id":189,"href":"https:\/\/aat.ase.ro\/index.php\/wp-json\/wp\/v2\/pages\/8\/revisions\/189"}],"wp:attachment":[{"href":"https:\/\/aat.ase.ro\/index.php\/wp-json\/wp\/v2\/media?parent=8"}],"curies":[{"name":"wp","href":"https:\/\/api.w.org\/{rel}","templated":true}]}}