{"id":61,"date":"2024-07-09T11:21:26","date_gmt":"2024-07-09T11:21:26","guid":{"rendered":"http:\/\/aat.ase.ro\/?page_id=61"},"modified":"2025-01-20T00:09:33","modified_gmt":"2025-01-20T00:09:33","slug":"admitere","status":"publish","type":"page","link":"https:\/\/aat.ase.ro\/index.php\/admitere\/","title":{"rendered":"Admitere"},"content":{"rendered":"<div id=\"pl-61\"  class=\"panel-layout\" ><div id=\"pg-61-0\"  class=\"panel-grid panel-no-style\" ><div id=\"pgc-61-0-0\"  class=\"panel-grid-cell\" ><div id=\"panel-61-0-0-0\" class=\"so-panel widget widget_sow-editor panel-first-child\" data-index=\"0\" ><div\n\t\t\t\n\t\t\tclass=\"so-widget-sow-editor so-widget-sow-editor-base\"\n\t\t\t\n\t\t><h3 class=\"widget-title\">Admitere 2025<\/h3>\n<div class=\"siteorigin-widget-tinymce textwidget\">\n\t<blockquote>\n<h5>Anul acesta, examenul pentru admiterea la Masterat se organizeaz\u0103 cu prezen\u021b\u0103 fizic\u0103 \u00een s\u0103lile ASE.<br \/>\nConsult\u0103 <a href=\"https:\/\/ase.ro\/admitere\/masterat\/\" target=\"_blank\" rel=\"noopener\">aici<\/a> mai multe detalii referitoare la admitere.<\/h5>\n<\/blockquote>\n<h5><\/h5>\n<\/div>\n<\/div><\/div><div id=\"panel-61-0-0-1\" class=\"so-panel widget widget_sow-image panel-last-child\" data-index=\"1\" ><div\n\t\t\t\n\t\t\tclass=\"so-widget-sow-image so-widget-sow-image-default-8b5b6f678277-61\"\n\t\t\t\n\t\t>\n\n<div class=\"sow-image-container\">\n\t\t<img loading=\"lazy\" decoding=\"async\" src=\"https:\/\/aat.ase.ro\/wp-content\/uploads\/2018\/07\/msc_students.jpg\" width=\"788\" height=\"295\" srcset=\"https:\/\/aat.ase.ro\/wp-content\/uploads\/2018\/07\/msc_students.jpg 788w, https:\/\/aat.ase.ro\/wp-content\/uploads\/2018\/07\/msc_students-300x112.jpg 300w, https:\/\/aat.ase.ro\/wp-content\/uploads\/2018\/07\/msc_students-768x288.jpg 768w\" sizes=\"auto, (max-width: 788px) 100vw, 788px\" alt=\"\" \t\tclass=\"so-widget-image\"\/>\n\t<\/div>\n\n<\/div><\/div><\/div><\/div><\/div>","protected":false},"excerpt":{"rendered":"<p>Anul acesta, examenul pentru admiterea la Masterat se organizeaz\u0103 cu prezen\u021b\u0103 fizic\u0103 \u00een s\u0103lile ASE. Consult\u0103 aici mai multe detalii referitoare la admitere.<\/p>\n","protected":false},"author":1,"featured_media":0,"parent":0,"menu_order":0,"comment_status":"closed","ping_status":"closed","template":"","meta":{"footnotes":""},"class_list":["post-61","page","type-page","status-publish","hentry"],"_links":{"self":[{"href":"https:\/\/aat.ase.ro\/index.php\/wp-json\/wp\/v2\/pages\/61","targetHints":{"allow":["GET"]}}],"collection":[{"href":"https:\/\/aat.ase.ro\/index.php\/wp-json\/wp\/v2\/pages"}],"about":[{"href":"https:\/\/aat.ase.ro\/index.php\/wp-json\/wp\/v2\/types\/page"}],"author":[{"embeddable":true,"href":"https:\/\/aat.ase.ro\/index.php\/wp-json\/wp\/v2\/users\/1"}],"replies":[{"embeddable":true,"href":"https:\/\/aat.ase.ro\/index.php\/wp-json\/wp\/v2\/comments?post=61"}],"version-history":[{"count":10,"href":"https:\/\/aat.ase.ro\/index.php\/wp-json\/wp\/v2\/pages\/61\/revisions"}],"predecessor-version":[{"id":187,"href":"https:\/\/aat.ase.ro\/index.php\/wp-json\/wp\/v2\/pages\/61\/revisions\/187"}],"wp:attachment":[{"href":"https:\/\/aat.ase.ro\/index.php\/wp-json\/wp\/v2\/media?parent=61"}],"curies":[{"name":"wp","href":"https:\/\/api.w.org\/{rel}","templated":true}]}}